hat are the prime factors of n?
2, 3, 79
Let f(i) = -i**3 + 8*i**2 - 11*i + 19. Let k be f(7). Let x be (4*k/6)/(4/22). Let p = x - -125. List the prime factors of p.
2, 23
Suppose 32*z - 65831 = 25*z + 42179. List the prime factors of z.
2, 5, 1543
Let j = 271 + 1031. Suppose -6*t + 3654 = -j. What are the prime factors of t?
2, 7, 59
Let r(i) = 473*i + 3999. List the prime factors of r(19).
2, 43, 151
Suppose 8588*i - 8583*i - 34280 = 0. List the prime factors of i.
2, 857
What are the prime factors of 26492*(-12)/8*(-4)/8?
3, 37, 179
List the prime factors of 0 + 4 + 264540/10.
2, 13229
Let l(f) = 0*f + 11 + 9*f**2 - 2*f - 7*f + 3*f**3 - 4*f**3. Let v(j) = j**2 + 2*j. Let h be v(2). What are the prime factors of l(h)?
3
Suppose -10*l + 11*l = -x + 423, -3*x = l - 1267. Let h = x - 330. List the prime factors of h.
2, 23
Let g = 113997 + -66942. What are the prime factors of g?
3, 5, 3137
Let o(a) = -3134*a - 2700. What are the prime factors of o(-3)?
2, 3, 1117
Suppose -3*a + 8743 + 10406 = 0. What are the prime factors of a?
13, 491
Let h be 1 - (0 + 2/(-2)). Let q = -354 - -357. Suppose 5*g - 3*u - 408 = 0, h*g - 6*g = q*u - 348. What are the prime factors of g?
2, 3, 7
Let i be ((-2 - -1) + (-92)/(-8))/((-40)/80). Suppose -23 = -3*a + 2*j + 3*j, -2*a + 2*j + 10 = 0. List the prime factors of 2710/14 + a + 12/i.
2, 97
What are the prime factors of 2 - -4 - (-11)/(-22)*-13882?
6947
List the prime factors of -15762*((-11)/(-22) - 1).
3, 37, 71
Let t be 1*(-1)/1 - (-20)/(-20). Let o be 14/4*(t - 120/(-35)). Suppose -509 = -4*a - o*h, 0 = -3*a - 4*h - 159 + 540. List the prime factors of a.
131
Suppose 4*z + 5 = -y - 10, -35 = -2*y + 5*z. Suppose -y*k = -15 + 5. Suppose -74 = -k*s + 18. What are the prime factors of s?
2, 23
Let q = -6 + 11. Suppose 0*s - q*s = -5*c + 530, -c - 2*s + 118 = 0. Suppose -h + 14 = -c. List the prime factors of h.
2, 31
Let u(z) = -4*z**3 + 3*z**2 + 3*z - 5. Let l be u(4). Let q = l - -261. List the prime factors of q.
2, 3, 5
Suppose -6*c + 7073 + 2095 = 0. Suppose -v = -4*i + c, 2*v + 0 = -8. Suppose 16*d + i = 19*d. List the prime factors of d.
127
Let a(v) = -43*v**3 + 103*v**2 + 5*v + 15. What are the prime factors of a(-7)?
2, 3, 103
Let p(n) = -n**3 + 11*n**2 - 2*n - 28. Let q be p(7). List the prime factors of 21978/q - 4/(-14).
11, 13
Let v be 72/108 + (-10)/(-3) + -2. Suppose -v*i + 3862 = 3*p, -3*p + 5*p - 5*i - 2543 = 0. List the prime factors of p.
2, 3, 107
Suppose 2*f + 3*k = 16633, 86*k - 90*k + 24953 = 3*f. List the prime factors of f.
11, 757
Let j(p) be the first derivative of p**4/4 - 23*p**3/6 + 17*p**2/2 + 33. Let r(l) be the second derivative of j(l). What are the prime factors of r(10)?
37
Let n(w) = -273*w**2 + 272*w**2 + 5*w + 21*w - 26. Let y be n(21). What are the prime factors of (-8)/28 + y/7?
11
List the prime factors of -3 - (332/6)/((-2)/1299).
2, 1123
Let p = 814 - 812. Suppose 3*m + p*t = 3*t + 4063, 4*m + 5*t - 5411 = 0. What are the prime factors of m?
2, 677
Suppose 202*z = 214*z - 105504. What are the prime factors of z?
2, 7, 157
Let q(w) = w**3 + w**2 + 1. Let r(b) = -2*b**2 + 7*b + 12. Let s(i) = -q(i) - r(i). Let t be s(-5). List the prime factors of 0 + 1 + t/2.
3, 29
Suppose -2*w = -7 + 29. Let p be (6/4)/(w/154). Let y = p + 42. What are the prime factors of y?
3, 7
Let a be 40/140 - (10410/7)/(-3). Suppose 2*p = 194 + a. List the prime factors of p.
3, 5, 23
Let g(c) = 315*c + 159. Let n be g(6). Let q = -970 + n. What are the prime factors of q?
13, 83
Let u = 2233 - -1979. Suppose -20*a + u = -11*a. List the prime factors of a.
2, 3, 13
Suppose 6470 = -34*p + 188744. List the prime factors of p.
3, 1787
List the prime factors of 2/(-11) - (-9)/(-198)*-98828.
2, 1123
List the prime factors of (11 - -2499)/((-4)/(-6)).
3, 5, 251
Suppose -31546 - 8654 = -8*s. What are the prime factors of s?
3, 5, 67
Let v(a) = 2*a + 34. Let q be v(-17). Suppose -3*x + 0*x + 2306 = -5*b, q = 5*x - 5*b - 3860. What are the prime factors of x?
3, 7, 37
Suppose 5*l - 29*b - 61195 = -34*b, -4*b - 36745 = -3*l. List the prime factors of l.
3, 7, 11, 53
Let m(y) be the second derivative of -y**5/20 - 5*y**4/12 + y**3/2 - 2*y**2 - 7*y + 1. What are the prime factors of m(-6)?
2, 7
Suppose -3*k - 1 = -0*t + 2*t, k + 1 = -t. Let a be -801*((-28)/12 - t). Suppose -a = -3*p + c, 126 + 39 = 2*p - 5*c. What are the prime factors of p?
2, 3, 5
What are the prime factors of 8/56 - (-108414)/14?
2, 11
Let r(x) = -54*x**2 - 49 + 38*x**2 - x**3 + 26*x**2 + 18*x. List the prime factors of r(8).
223
Suppose 0 = -u - 4*q - 18, 2*q + 4 = -3*u - 0*q. Suppose w = -k + 18, -2*w + 34 = 2*k + u*w. Suppose -2 = -p + k. List the prime factors of p.
3, 7
Suppose 6*s + 3 = 9*s. What are the prime factors of (-4656)/(-20) + s/((-5)/(-1))?
233
Let j(d) = 32*d**2 + 3*d - 1. Suppose 3*w + 0*w + 9 = 0. Let n be (10/15)/((-2)/w). What are the prime factors of j(n)?
2, 17
Let x(u) = 2*u**3 - 57*u**2 + 27*u - 10. Let b(j) = 3*j**3 - 86*j**2 + 40*j - 16. Let z(i) = 5*b(i) - 7*x(i). List the prime factors of z(32).
2, 683
Let b(s) = -43*s - 42*s - 10*s - 46. What are the prime factors of b(-8)?
2, 3, 7, 17
Let b = 63546 + -21136. What are the prime factors of b?
2, 5, 4241
Let f = -55 + 75. Let k be 990/f - (-6)/(-4). Let l = -11 + k. What are the prime factors of l?
37
Let v(j) = -2*j**2 - 12*j - 6. Let q be v(-5). What are the prime factors of (q/(-5))/(2 - 302/150)?
2, 3, 5
Suppose u = 16*i - 18*i + 65009, 5*u = -5*i + 162505. List the prime factors of i.
2, 3, 7, 43
Let s(u) be the first derivative of 5*u**3 - u**2/2 + 10*u + 66. List the prime factors of s(3).
2, 71
Let s(n) be the third derivative of 0*n - 1/8*n**4 + 0 + 15*n**2 + 1/60*n**5 - 4/3*n**3. What are the prime factors of s(12)?
2, 5
Let c = 171 - 166. Suppose 2*o - 451 = -j + 961, -c*o + 3530 = 5*j. What are the prime factors of o?
2, 353
Let w(n) = 4*n**2 + 38*n - 117. Let f be w(3). Suppose 0 = -f*i + 12471 + 29175. List the prime factors of i.
2, 631
Suppose 2*r = 2*g + 6026, -5*r + 448 = g - 14593. List the prime factors of r.
3, 17, 59
Let h(u) be the second derivative of 3*u**6/80 - 17*u**5/120 + 19*u**4/12 + 2*u. Let k(z) be the third derivative of h(z). What are the prime factors of k(7)?
2, 43
Let m(s) = -s**3 - 16*s**2 + 2*s + 37. Let f be m(-16). Suppose 0 = -3*q + 2*i + 290 + 1085, -f*q = 4*i - 2255. What are the prime factors of q?
5, 7, 13
Suppose 0 = 4*w - v - 3553, -4*v = -2*v + 2. Suppose 4*h + w = h. What are the prime factors of 25/10*h/(-10)?
2, 37
Let i(m) = m**3 - 5*m**2 - 5*m - 8. Let v be i(6). What are the prime factors of 126 + v/(-4)*-12?
2, 3, 5
Suppose -p - 3*j = -1637, -277*j - 9 = -274*j. List the prime factors of p.
2, 823
Let j(l) = -5671*l**3 + 3*l**2 - 109*l - 216. What are the prime factors of j(-2)?
2, 22691
Suppose -4*c = 3*t - 8029, -c - t = -1074 - 932. Suppose -7*p = 2*y - 5*p - 2014, -c = -2*y - 3*p. Suppose -16*h = -21*h + y. What are the prime factors of h?
2, 101
Suppose -881920 - 1863683 = -189*s. List the prime factors of s.
73, 199
Suppose -34048 - 199975 = -4*w + a, a - 234017 = -4*w. List the prime factors of w.
5, 11701
Let a(u) = 4*u - 6. Let b be a(5). Let t = 100 - b. What are the prime factors of t?
2, 43
Let z = -343 - -1374. Let x = -465 + z. List the prime factors of x.
2, 283
Let t = 1767 + -758. Let g = -8859 + 8863. Suppose -t = -g*b - 77. List the prime factors of b.
233
Let r(c) = -c**3 - 10*c**2 - 3*c + 5. Let n be ((-10)/(-4))/(11/(-44)). Let v be r(n). List the prime factors of 30*6/(60/v).
3, 5, 7
Let x = 113 + -57. Let i = x + -55. Suppose 18 - i = z. What are the prime factors of z?
17
Suppose 3*d + 3*l - 33 = 0, 29 = 2*d - 0*l - 5*l. Suppose d*v + 0*v = 2088. List the prime factors of v.
2, 3, 29
Suppose -20 = -5*i + 20. Suppose -4*a + 5*c - 41 = 0, -3*a = -i*a + c - 67. Let j(l) = -3*l + 33. What are the prime factors of j(a)?
3, 5
Let j(i) be the third derivative of -37*i**6/120 - i**5/30 + i**4/8 - 11*i**2. Let d be j(2). Let g = -211 - d. What are the prime factors of g?
3, 29
Let w(g) be the third derivative of -g**5/6 + 7*g**4/24 + 23*g**3/6 - 15*g**2. Let s be w(-6). Let n = 584 + s. List the prime factors of n.
5, 41
Let b(g) = -355*g - 164. Suppose 6*i - o = 7*i + 4, 3*i + 12 